{"id":1213,"date":"2025-11-25T11:58:18","date_gmt":"2025-11-25T10:58:18","guid":{"rendered":"https:\/\/re-par-bike.com\/?page_id=1213"},"modified":"2026-04-14T12:04:07","modified_gmt":"2026-04-14T10:04:07","slug":"bikle","status":"publish","type":"page","link":"https:\/\/re-par-bike.com\/index.php\/bikle\/","title":{"rendered":"Bikle"},"content":{"rendered":"\n<p><strong>LE Fat Bike fabriqu\u00e9 en France <\/strong><\/p>\n\n\n\n<figure class=\"wp-block-image size-full\"><img loading=\"lazy\" decoding=\"async\" width=\"960\" height=\"640\" src=\"https:\/\/re-par-bike.com\/wp-content\/uploads\/2025\/11\/470183740_1054023859809705_157258709296011068_n.jpg\" alt=\"\" class=\"wp-image-1216\" srcset=\"https:\/\/re-par-bike.com\/wp-content\/uploads\/2025\/11\/470183740_1054023859809705_157258709296011068_n.jpg 960w, https:\/\/re-par-bike.com\/wp-content\/uploads\/2025\/11\/470183740_1054023859809705_157258709296011068_n-300x200.jpg 300w, https:\/\/re-par-bike.com\/wp-content\/uploads\/2025\/11\/470183740_1054023859809705_157258709296011068_n-768x512.jpg 768w\" sizes=\"auto, (max-width: 767px) 89vw, (max-width: 1000px) 54vw, (max-width: 1071px) 543px, 580px\" \/><\/figure>\n\n\n\n<p>Le fat de qualit\u00e9 fabriqu\u00e9 en France qui a de la gueule !<\/p>\n\n\n\n<p>\u00c9quip\u00e9 de ses gros pneus, le Bikle est plus s\u00fbr que les v\u00e9los traditionnels et offre une adh\u00e9rence accrue et plus de s\u00e9curit\u00e9.<\/p>\n\n\n<div class=\"wp-block-image\">\n<figure class=\"aligncenter size-full is-resized\"><img loading=\"lazy\" decoding=\"async\" width=\"1024\" height=\"845\" src=\"https:\/\/re-par-bike.com\/wp-content\/uploads\/2026\/04\/bikle-home-1024x845-1.png\" alt=\"\" class=\"wp-image-1334\" style=\"aspect-ratio:1.2118555976963057;width:407px;height:auto\" srcset=\"https:\/\/re-par-bike.com\/wp-content\/uploads\/2026\/04\/bikle-home-1024x845-1.png 1024w, https:\/\/re-par-bike.com\/wp-content\/uploads\/2026\/04\/bikle-home-1024x845-1-300x248.png 300w, https:\/\/re-par-bike.com\/wp-content\/uploads\/2026\/04\/bikle-home-1024x845-1-768x634.png 768w\" sizes=\"auto, (max-width: 767px) 89vw, (max-width: 1000px) 54vw, (max-width: 1071px) 543px, 580px\" \/><\/figure>\n<\/div>\n\n\n<p>Sa g\u00e9om\u00e9trie d\u00e9riv\u00e9e de la moto offre un comportement sain et stable par tous les temps<\/p>\n\n\n\n<p>Un gamme d\u2019accessoires compl\u00e8te pour r\u00e9pondre \u00e0 tous vos besoins du quotidien.<\/p>\n\n\n\n<p><\/p>\n\n\n\n<p class=\"has-text-align-center\"><strong>Cliquez sur le logo pour acc\u00e9der au configurateur<\/strong><\/p>\n\n\n<div class=\"wp-block-image\">\n<figure class=\"aligncenter size-large is-resized\"><a href=\"https:\/\/www.bikle.fr\/velos-electriques-fatbike-personnalisables\/\"><img loading=\"lazy\" decoding=\"async\" width=\"1024\" height=\"1024\" src=\"https:\/\/re-par-bike.com\/wp-content\/uploads\/2025\/11\/logo-1-1024x1024.jpg\" alt=\"\" class=\"wp-image-1217\" style=\"width:427px;height:auto\" srcset=\"https:\/\/re-par-bike.com\/wp-content\/uploads\/2025\/11\/logo-1-1024x1024.jpg 1024w, https:\/\/re-par-bike.com\/wp-content\/uploads\/2025\/11\/logo-1-300x300.jpg 300w, https:\/\/re-par-bike.com\/wp-content\/uploads\/2025\/11\/logo-1-150x150.jpg 150w, https:\/\/re-par-bike.com\/wp-content\/uploads\/2025\/11\/logo-1-768x768.jpg 768w, https:\/\/re-par-bike.com\/wp-content\/uploads\/2025\/11\/logo-1-100x100.jpg 100w, https:\/\/re-par-bike.com\/wp-content\/uploads\/2025\/11\/logo-1.jpg 1080w\" sizes=\"auto, (max-width: 767px) 89vw, (max-width: 1000px) 54vw, (max-width: 1071px) 543px, 580px\" \/><\/a><\/figure>\n<\/div>\n\n\n<figure class=\"wp-block-gallery has-nested-images columns-default is-cropped wp-block-gallery-1 is-layout-flex wp-block-gallery-is-layout-flex\">\n<figure class=\"wp-block-image size-large\"><img loading=\"lazy\" decoding=\"async\" width=\"642\" height=\"777\" data-id=\"1219\" src=\"https:\/\/re-par-bike.com\/wp-content\/uploads\/2025\/11\/2025-11-25-11_57_00-Bikle-_-Explorateur-de-fichiers.png\" alt=\"\" class=\"wp-image-1219\" srcset=\"https:\/\/re-par-bike.com\/wp-content\/uploads\/2025\/11\/2025-11-25-11_57_00-Bikle-_-Explorateur-de-fichiers.png 642w, https:\/\/re-par-bike.com\/wp-content\/uploads\/2025\/11\/2025-11-25-11_57_00-Bikle-_-Explorateur-de-fichiers-248x300.png 248w\" sizes=\"auto, (max-width: 642px) 100vw, 642px\" \/><\/figure>\n<\/figure>\n","protected":false},"excerpt":{"rendered":"<p>LE Fat Bike fabriqu\u00e9 en France Le fat de qualit\u00e9 fabriqu\u00e9 en France qui a de la gueule ! \u00c9quip\u00e9 de ses gros pneus, le Bikle est plus s\u00fbr que les v\u00e9los traditionnels et offre une adh\u00e9rence accrue et plus de s\u00e9curit\u00e9. Sa g\u00e9om\u00e9trie d\u00e9riv\u00e9e de la moto offre un comportement sain et stable par &hellip; <\/p>\n<p class=\"link-more\"><a href=\"https:\/\/re-par-bike.com\/index.php\/bikle\/\" class=\"more-link\">Continuer la lecture<span class=\"screen-reader-text\"> de &laquo;&nbsp;Bikle&nbsp;&raquo;<\/span><\/a><\/p>\n","protected":false},"author":1,"featured_media":1214,"parent":0,"menu_order":0,"comment_status":"closed","ping_status":"closed","template":"","meta":{"footnotes":""},"class_list":["post-1213","page","type-page","status-publish","has-post-thumbnail","hentry"],"_links":{"self":[{"href":"https:\/\/re-par-bike.com\/index.php\/wp-json\/wp\/v2\/pages\/1213","targetHints":{"allow":["GET"]}}],"collection":[{"href":"https:\/\/re-par-bike.com\/index.php\/wp-json\/wp\/v2\/pages"}],"about":[{"href":"https:\/\/re-par-bike.com\/index.php\/wp-json\/wp\/v2\/types\/page"}],"author":[{"embeddable":true,"href":"https:\/\/re-par-bike.com\/index.php\/wp-json\/wp\/v2\/users\/1"}],"replies":[{"embeddable":true,"href":"https:\/\/re-par-bike.com\/index.php\/wp-json\/wp\/v2\/comments?post=1213"}],"version-history":[{"count":4,"href":"https:\/\/re-par-bike.com\/index.php\/wp-json\/wp\/v2\/pages\/1213\/revisions"}],"predecessor-version":[{"id":1335,"href":"https:\/\/re-par-bike.com\/index.php\/wp-json\/wp\/v2\/pages\/1213\/revisions\/1335"}],"wp:featuredmedia":[{"embeddable":true,"href":"https:\/\/re-par-bike.com\/index.php\/wp-json\/wp\/v2\/media\/1214"}],"wp:attachment":[{"href":"https:\/\/re-par-bike.com\/index.php\/wp-json\/wp\/v2\/media?parent=1213"}],"curies":[{"name":"wp","href":"https:\/\/api.w.org\/{rel}","templated":true}]}}

<p><strong>LE Fat Bike fabriqué en France </strong></p>



<figure class="wp-block-image size-full"><img loading="lazy" decoding="async" width="960" height="640" src="https://re-par-bike.com/wp-content/uploads/2025/11/470183740_1054023859809705_157258709296011068_n.jpg" alt="" class="wp-image-1216" srcset="https://re-par-bike.com/wp-content/uploads/2025/11/470183740_1054023859809705_157258709296011068_n.jpg 960w, https://re-par-bike.com/wp-content/uploads/2025/11/470183740_1054023859809705_157258709296011068_n-300x200.jpg 300w, https://re-par-bike.com/wp-content/uploads/2025/11/470183740_1054023859809705_157258709296011068_n-768x512.jpg 768w" sizes="auto, (max-width: 767px) 89vw, (max-width: 1000px) 54vw, (max-width: 1071px) 543px, 580px" /></figure>



<p>Le fat de qualité fabriqué en France qui a de la gueule !</p>



<p>Équipé de ses gros pneus, le Bikle est plus sûr que les vélos traditionnels et offre une adhérence accrue et plus de sécurité.</p>


<div class="wp-block-image">
<figure class="aligncenter size-full is-resized"><img loading="lazy" decoding="async" width="1024" height="845" src="https://re-par-bike.com/wp-content/uploads/2026/04/bikle-home-1024x845-1.png" alt="" class="wp-image-1334" style="aspect-ratio:1.2118555976963057;width:407px;height:auto" srcset="https://re-par-bike.com/wp-content/uploads/2026/04/bikle-home-1024x845-1.png 1024w, https://re-par-bike.com/wp-content/uploads/2026/04/bikle-home-1024x845-1-300x248.png 300w, https://re-par-bike.com/wp-content/uploads/2026/04/bikle-home-1024x845-1-768x634.png 768w" sizes="auto, (max-width: 767px) 89vw, (max-width: 1000px) 54vw, (max-width: 1071px) 543px, 580px" /></figure>
</div>


<p>Sa géométrie dérivée de la moto offre un comportement sain et stable par tous les temps</p>



<p>Un gamme d’accessoires complète pour répondre à tous vos besoins du quotidien.</p>



<p></p>



<p class="has-text-align-center"><strong>Cliquez sur le logo pour accéder au configurateur</strong></p>


<div class="wp-block-image">
<figure class="aligncenter size-large is-resized"><a href="https://www.bikle.fr/velos-electriques-fatbike-personnalisables/"><img loading="lazy" decoding="async" width="1024" height="1024" src="https://re-par-bike.com/wp-content/uploads/2025/11/logo-1-1024x1024.jpg" alt="" class="wp-image-1217" style="width:427px;height:auto" srcset="https://re-par-bike.com/wp-content/uploads/2025/11/logo-1-1024x1024.jpg 1024w, https://re-par-bike.com/wp-content/uploads/2025/11/logo-1-300x300.jpg 300w, https://re-par-bike.com/wp-content/uploads/2025/11/logo-1-150x150.jpg 150w, https://re-par-bike.com/wp-content/uploads/2025/11/logo-1-768x768.jpg 768w, https://re-par-bike.com/wp-content/uploads/2025/11/logo-1-100x100.jpg 100w, https://re-par-bike.com/wp-content/uploads/2025/11/logo-1.jpg 1080w" sizes="auto, (max-width: 767px) 89vw, (max-width: 1000px) 54vw, (max-width: 1071px) 543px, 580px" /></a></figure>
</div>


<figure class="wp-block-gallery has-nested-images columns-default is-cropped wp-block-gallery-1 is-layout-flex wp-block-gallery-is-layout-flex">
<figure class="wp-block-image size-large"><img loading="lazy" decoding="async" width="642" height="777" data-id="1219" src="https://re-par-bike.com/wp-content/uploads/2025/11/2025-11-25-11_57_00-Bikle-_-Explorateur-de-fichiers.png" alt="" class="wp-image-1219" srcset="https://re-par-bike.com/wp-content/uploads/2025/11/2025-11-25-11_57_00-Bikle-_-Explorateur-de-fichiers.png 642w, https://re-par-bike.com/wp-content/uploads/2025/11/2025-11-25-11_57_00-Bikle-_-Explorateur-de-fichiers-248x300.png 248w" sizes="auto, (max-width: 642px) 100vw, 642px" /></figure>
</figure>

<p>LE Fat Bike fabriqué en France Le fat de qualité fabriqué en France qui a de la gueule ! Équipé de ses gros pneus, le Bikle est plus sûr que les vélos traditionnels et offre une adhérence accrue et plus de sécurité. Sa géométrie dérivée de la moto offre un comportement sain et stable par &hellip; </p>
<p class="link-more"><a href="https://re-par-bike.com/index.php/bikle/" class="more-link">Continuer la lecture<span class="screen-reader-text"> de &laquo;&nbsp;Bikle&nbsp;&raquo;</span></a></p>
